{"id":90710,"date":"2025-05-26T10:05:01","date_gmt":"2025-05-26T07:05:01","guid":{"rendered":"https:\/\/www.almamedia.fi\/mainostajat\/?page_id=90710"},"modified":"2025-05-28T06:51:22","modified_gmt":"2025-05-28T03:51:22","slug":"marketing-services","status":"publish","type":"page","link":"https:\/\/www.almamedia.fi\/mainostajat\/en\/marketing-services\/","title":{"rendered":"Marketing services"},"content":{"rendered":"\n<div style=\"height:8rem\" aria-hidden=\"true\" class=\"wp-block-spacer\"><\/div>\n\n\n\n<div data-aos=\"fade-up\" class=\"wp-block-netello-animation\"><div class=\"wrapper\">\n<h2 class=\"wp-block-heading has-text-align-center\">OUR MARKETING SERVICES<\/h2>\n\n\n\n<p class=\"has-text-align-center has-medium-font-size\"><strong>Alma Media&#8217;s marketing services combine creative content production, effective event marketing, and digital solutions. We design, implement, and target to transform your brand&#8217;s story into a success story.<\/strong><\/p>\n<\/div><\/div>\n\n\n\n<div style=\"height:10rem\" aria-hidden=\"true\" class=\"wp-block-spacer\"><\/div>\n\n\n\n<h2 class=\"wp-block-heading\">Services that elevate your brand to the next level<\/h2>\n\n\n\n<div class=\"wp-block-columns is-layout-flex wp-container-core-columns-is-layout-9d6595d7 wp-block-columns-is-layout-flex\">\n<div class=\"wp-block-column is-layout-flow wp-block-column-is-layout-flow\" style=\"flex-basis:4rem\"><\/div>\n\n\n\n<div class=\"wp-block-column is-layout-flow wp-block-column-is-layout-flow\">\n<div  class=\"linkkilaatikot-viivalla col-3 has-line-color-green has-font-size-s\">\n\n    \n        <div class=\"linkkilaatikko-viivalla\">\n            <div class=\"netello-line netello-line-animated\"><\/div>\n            \n                                    <h3 class=\"otsikko \"><span class=\"teksti\">Creative Design and Productions<\/span><\/h3>\n                                                <div class=\"sisalto\">\n                      <div class=\"fai-CopilotMessage__content r1u5wu5n\">\n<div data-automation-id=\"aiBubbleContent\">\n<div class=\"markdown-renderer-body \">\n<p>Alma Brand Studio merges creativity and data to create impactful stories. We design and produce tailored content for your brand, ranging from articles and videos to podcasts and visual concepts that capture attention and foster engagement.<\/p>\n<\/div>\n<\/div>\n<\/div>\n<div class=\"fai-CopilotMessage__actions r1f4to9e\" role=\"toolbar\" data-tabster=\"{&quot;mover&quot;:{&quot;cyclic&quot;:false,&quot;direction&quot;:2,&quot;memorizeCurrent&quot;:true}}\"><\/div>\n                <\/div>\n                \n                    <\/div>\n\n    \n        <div class=\"linkkilaatikko-viivalla\">\n            <div class=\"netello-line netello-line-animated\"><\/div>\n            \n                                    <h3 class=\"otsikko \"><span class=\"teksti\">Live- and hybrid events<\/span><\/h3>\n                                                <div class=\"sisalto\">\n                      <div class=\"fai-CopilotMessage__content r1u5wu5n\">\n<div data-automation-id=\"aiBubbleContent\">\n<div class=\"markdown-renderer-body \">\n<p>We organize impactful events where your brand receives the attention it deserves and delivers a memorable customer experience. Alma&#8217;s events and B2B event marketing bring together the right people and experts, ensuring your brand stands out and creates a lasting impression.<\/p>\n<\/div>\n<\/div>\n<\/div>\n<div class=\"fai-CopilotMessage__actions r1f4to9e\" role=\"toolbar\" data-tabster=\"{&quot;mover&quot;:{&quot;cyclic&quot;:false,&quot;direction&quot;:2,&quot;memorizeCurrent&quot;:true}}\"><\/div>\n                <\/div>\n                \n                    <\/div>\n\n    \n        <div class=\"linkkilaatikko-viivalla\">\n            <div class=\"netello-line netello-line-animated\"><\/div>\n            \n                                    <h3 class=\"otsikko \"><span class=\"teksti\">Websites and Search Engine Marketing<\/span><\/h3>\n                                                <div class=\"sisalto\">\n                      <div class=\"fai-CopilotMessage__content r1u5wu5n\">\n<div data-automation-id=\"aiBubbleContent\">\n<div class=\"markdown-renderer-body \">\n<p>Netello provides expert digital solutions that make your brand discoverable and appealing. With services like search engine optimization (SEO), campaign pages, and digital advertising, we ensure the right customers find you exactly when they&#8217;re searching.<\/p>\n<\/div>\n<\/div>\n<\/div>\n<div class=\"fai-CopilotMessage__actions r1f4to9e\" role=\"toolbar\" data-tabster=\"{&quot;mover&quot;:{&quot;cyclic&quot;:false,&quot;direction&quot;:2,&quot;memorizeCurrent&quot;:true}}\"><\/div>\n                <\/div>\n                \n                    <\/div>\n\n    \n<\/div>\n\n\n<\/div>\n<\/div>\n\n\n\n<div style=\"height:100px\" aria-hidden=\"true\" class=\"wp-block-spacer\"><\/div>\n\n\n\n<p class=\"has-text-align-center kapeampi-3 has-large-font-size\"><strong>Marketing is more than just visibility; it&#8217;s about storytelling, experiences, and results. Premium environments, precise targeting, and broad reach ensure your message resonates with the right audience at the right time.<\/strong><\/p>\n\n\n\n<p class=\"has-text-align-center kapeampi-3 has-large-font-size\"><\/p>\n\n\n\n<div style=\"height:8rem\" aria-hidden=\"true\" class=\"wp-block-spacer\"><\/div>\n\n\n<div  class=\"kuva-ja-teksti-vierekkain has-font-size-s has-header-size-m has-full-width has-no-bg\">\n    <div class=\"wrapper\">\n        <div class=\"vasen\">\n            <span class=\"netello-line netello-line-animated hide-mobile\"><\/span>\n            <div class=\"sisalto-wrapper\">\n                                                    <h2 class=\"otsikko hide-mobile\">\n                                                    <a href=\"https:\/\/www.almamedia.fi\/brandstudio\/content-marketing\/\">\n                                                    Brand studio                                                    <\/a>\n                                            <\/h2>\n                                                    <div class=\"sisalto\">\n                        <p>Stories engage, differentiate, and build brands. Brand Studio combines creative concepting, customer insights, and data-driven distribution to effectively present your message.<\/p>\n<ul>\n<li>Articles, videos, podcasts, and visual content that speak to audiences<\/li>\n<li>Content marketing that reaches and engages<\/li>\n<li>Building brand awareness and expertise<\/li>\n<\/ul>\n<p><!-- wp:spacer {\"height\":\"5rem\"} --><\/p>\n                    <\/div>\n                                            <\/div>\n        <\/div>\n                    <div class=\"oikea\">\n                <div class=\"hide-desktop\">\n                    <span class=\"netello-line netello-line-animated\"><\/span>\n                                                                <h2 class=\"otsikko\">\n                                                        <a href=\"https:\/\/www.almamedia.fi\/brandstudio\/content-marketing\/\">\n                                                                Brand studio                                                            <\/a>\n                                                <\/h2>\n                                    <\/div>\n                <div class=\"oikea-inner netello-image-animated\">\n                                            <div class=\"image-fade-overlay\"><\/div>\n                        <img decoding=\"async\" class=\"animated-image\" src=\"https:\/\/www.almamedia.fi\/mainostajat\/wp-content\/uploads\/sites\/6\/shutterstock_2080391959_pienempi.jpg\" alt=\"\" \/>\n                                    <\/div>\n            <\/div>\n            <\/div>\n<\/div>\n\n\n\n<div style=\"height:8rem\" aria-hidden=\"true\" class=\"wp-block-spacer\"><\/div>\n\n\n<div  class=\"kuva-ja-teksti-vierekkain has-font-size-s has-header-size-m has-full-width has-no-bg\">\n    <div class=\"wrapper\">\n        <div class=\"vasen\">\n            <span class=\"netello-line netello-line-animated hide-mobile\"><\/span>\n            <div class=\"sisalto-wrapper\">\n                                                    <h2 class=\"otsikko hide-mobile\">\n                                                    <a href=\"https:\/\/www.almamedia.fi\/mainostajat\/en\/media-and-services\/alma-business-events\/\">\n                                                    Business Events                                                    <\/a>\n                                            <\/h2>\n                                                    <div class=\"sisalto\">\n                        <p>Events are more than just meetings; they are opportunities to influence, inspire, and engage. Alma Business Events combines corporate events and top-tier seminars, offering advertisers a unique chance to participate in discussions and build brand awareness and expertise among key decision-makers.<\/p>\n<ul>\n<li>Connect with decision-makers, experts, and affluent consumers<\/li>\n<li>Brand visibility at prestigious events and seminars<\/li>\n<li>Tailored solutions that showcase your brand in the right context<\/li>\n<li>Strong impact and emotional engagement<\/li>\n<\/ul>\n                    <\/div>\n                                            <\/div>\n        <\/div>\n                    <div class=\"oikea\">\n                <div class=\"hide-desktop\">\n                    <span class=\"netello-line netello-line-animated\"><\/span>\n                                                                <h2 class=\"otsikko\">\n                                                        <a href=\"https:\/\/www.almamedia.fi\/mainostajat\/en\/media-and-services\/alma-business-events\/\">\n                                                                Business Events                                                            <\/a>\n                                                <\/h2>\n                                    <\/div>\n                <div class=\"oikea-inner netello-image-animated\">\n                                            <div class=\"image-fade-overlay\"><\/div>\n                        <img decoding=\"async\" class=\"animated-image\" src=\"https:\/\/www.almamedia.fi\/mainostajat\/wp-content\/uploads\/sites\/6\/Hero-3840x2160_Shutterstock-2236011693.png\" alt=\"\" \/>\n                                    <\/div>\n            <\/div>\n            <\/div>\n<\/div>\n\n\n\n<div style=\"height:8rem\" aria-hidden=\"true\" class=\"wp-block-spacer\"><\/div>\n\n\n<div  class=\"kuva-ja-teksti-vierekkain has-font-size-s has-header-size-m has-full-width has-bg-green\">\n    <div class=\"wrapper\">\n        <div class=\"vasen\">\n            <span class=\"netello-line netello-line-animated hide-mobile\"><\/span>\n            <div class=\"sisalto-wrapper\">\n                                                    <h2 class=\"otsikko hide-mobile\">\n                                                    <a href=\"https:\/\/netello.fi\/\">\n                                                    Netello                                                    <\/a>\n                                            <\/h2>\n                                                    <div class=\"sisalto\">\n                        <p>We develop websites and e-commerce platforms tailored to your business needs. Search engine optimization (SEO) and digital marketing are key to ensuring customers find you when they search for solutions. Netello enhances your website&#8217;s visibility in search engines, boosts traffic, and increases sales.<\/p>\n<ul>\n<li>Improved visibility on Google and in search results<\/li>\n<li>Effective SEO and search engine marketing solutions<\/li>\n<li>Increase your website&#8217;s visitor numbers and conversions<\/li>\n<\/ul>\n<p><!-- wp:acf\/kuva-ja-teksti-vierekkain {\"name\":\"acf\/kuva-ja-teksti-vierekkain\",\"data\":{\"field_67c6824fc6853\":\"\",\"field_67c6825dc6854\":\"Brand studio\",\"field_67c6826cc6855\":{\"title\":\"\",\"url\":\"#\",\"target\":\"\"},\"field_67c682c9c6856\":\"Tarinat sitouttavat, erottavat ja rakentavat br\u00e4ndej\u00e4.\\r\\nBrand Studio yhdist\u00e4\u00e4 luovan konseptoinnin, asiakasymm\u00e4rryksen ja datavetoisen jakelun, jotta saat viestisi vaikuttavasti esille.\\r\\n\\u003cul\\u003e\\r\\n \\t\\u003cli\\u003eArtikkelit, videot, podcastit ja visuaaliset sis\u00e4ll\u00f6t, jotka puhuttelevat\\u003c\/li\\u003e\\r\\n \\t\\u003cli\\u003eSis\u00e4lt\u00f6markkinointi, joka tavoittaa ja sitouttaa yleis\u00f6t\\u003c\/li\\u003e\\r\\n \\t\\u003cli\\u003eBr\u00e4ndin tunnettuuden ja asiantuntijuuden rakentaminen\\u003c\/li\\u003e\\r\\n\\u003c\/ul\\u003e\",\"field_67c682dfc6857\":\"3482\",\"field_67c6808fc684c\":\"1\",\"field_67c680c1c684d\":\"0\",\"field_67c680d9c684e\":\"0\",\"field_67c6815dc684f\":\"has-font-size-m\",\"field_67c681a5c6850\":\"has-header-size-m\"},\"mode\":\"edit\"} \/--><\/p>\n<p><!-- wp:spacer {\"height\":\"8rem\"} --><\/p>\n                    <\/div>\n                                            <\/div>\n        <\/div>\n                    <div class=\"oikea\">\n                <div class=\"hide-desktop\">\n                    <span class=\"netello-line netello-line-animated\"><\/span>\n                                                                <h2 class=\"otsikko\">\n                                                        <a href=\"https:\/\/netello.fi\/\">\n                                                                Netello                                                            <\/a>\n                                                <\/h2>\n                                    <\/div>\n                <div class=\"oikea-inner netello-image-animated\">\n                                            <div class=\"image-fade-overlay\"><\/div>\n                        <img decoding=\"async\" class=\"animated-image\" src=\"https:\/\/www.almamedia.fi\/mainostajat\/wp-content\/uploads\/sites\/6\/3-puhelinta-referenssit-sectools.png.webp\" alt=\"\" \/>\n                                    <\/div>\n            <\/div>\n            <\/div>\n<\/div>\n\n\n\n<div style=\"height:7rem\" aria-hidden=\"true\" class=\"wp-block-spacer\"><\/div>\n\n\n\n<p class=\"has-text-align-center kapeampi-3 has-medium-font-size\"><strong>Alma Marketing Services provide all the tools you need for impactful and effective marketing. Reach, engage, and grow. With Alma, it&#8217;s possible because we know everyone.<\/strong><\/p>\n\n\n\n<p class=\"has-text-align-center kapeampi-3 has-medium-font-size\"><\/p>\n\n\n\n<div style=\"height:4rem\" aria-hidden=\"true\" class=\"wp-block-spacer\"><\/div>\n","protected":false},"excerpt":{"rendered":"<p>Services that elevate your brand to the next level Marketing is more than just visibility; [&hellip;]<\/p>\n","protected":false},"author":11,"featured_media":88578,"parent":0,"menu_order":0,"comment_status":"closed","ping_status":"closed","template":"","meta":{"_acf_changed":false,"footnotes":""},"class_list":["post-90710","page","type-page","status-publish","has-post-thumbnail","hentry"],"acf":[],"yoast_head":"<!-- This site is optimized with the Yoast SEO plugin v26.9 - https:\/\/yoast.com\/product\/yoast-seo-wordpress\/ -->\n<title>Marketing services - Alma Media<\/title>\n<meta name=\"description\" content=\"Alma Media&#039;s marketing services combine creative content production, effective event marketing, and digital solutions.\" \/>\n<meta name=\"robots\" content=\"index, follow, max-snippet:-1, max-image-preview:large, max-video-preview:-1\" \/>\n<link rel=\"canonical\" href=\"https:\/\/www.almamedia.fi\/mainostajat\/en\/marketing-services\/\" \/>\n<meta property=\"og:locale\" content=\"fi_FI\" \/>\n<meta property=\"og:type\" content=\"article\" \/>\n<meta property=\"og:title\" content=\"Marketing services - Alma Media\" \/>\n<meta property=\"og:description\" content=\"Alma Media&#039;s marketing services combine creative content production, effective event marketing, and digital solutions.\" \/>\n<meta property=\"og:url\" content=\"https:\/\/www.almamedia.fi\/mainostajat\/en\/marketing-services\/\" \/>\n<meta property=\"og:site_name\" content=\"Alma Media - mainostajat\" \/>\n<meta property=\"article:modified_time\" content=\"2025-05-28T03:51:22+00:00\" \/>\n<meta property=\"og:image\" content=\"https:\/\/www.almamedia.fi\/mainostajat\/wp-content\/uploads\/sites\/6\/Hero-3840x2160_shutterstock-2416920131-1024x576.png\" \/>\n\t<meta property=\"og:image:width\" content=\"1024\" \/>\n\t<meta property=\"og:image:height\" content=\"576\" \/>\n\t<meta property=\"og:image:type\" content=\"image\/png\" \/>\n<meta name=\"twitter:card\" content=\"summary_large_image\" \/>\n<meta name=\"twitter:label1\" content=\"Arvioitu lukuaika\" \/>\n\t<meta name=\"twitter:data1\" content=\"1 minuutti\" \/>\n<script type=\"application\/ld+json\" class=\"yoast-schema-graph\">{\"@context\":\"https:\/\/schema.org\",\"@graph\":[{\"@type\":\"WebPage\",\"@id\":\"https:\/\/www.almamedia.fi\/mainostajat\/en\/marketing-services\/\",\"url\":\"https:\/\/www.almamedia.fi\/mainostajat\/en\/marketing-services\/\",\"name\":\"Marketing services - Alma Media\",\"isPartOf\":{\"@id\":\"https:\/\/www.almamedia.fi\/mainostajat\/#website\"},\"primaryImageOfPage\":{\"@id\":\"https:\/\/www.almamedia.fi\/mainostajat\/en\/marketing-services\/#primaryimage\"},\"image\":{\"@id\":\"https:\/\/www.almamedia.fi\/mainostajat\/en\/marketing-services\/#primaryimage\"},\"thumbnailUrl\":\"https:\/\/www.almamedia.fi\/mainostajat\/wp-content\/uploads\/sites\/6\/Hero-3840x2160_shutterstock-2416920131.png\",\"datePublished\":\"2025-05-26T07:05:01+00:00\",\"dateModified\":\"2025-05-28T03:51:22+00:00\",\"description\":\"Alma Media's marketing services combine creative content production, effective event marketing, and digital solutions.\",\"breadcrumb\":{\"@id\":\"https:\/\/www.almamedia.fi\/mainostajat\/en\/marketing-services\/#breadcrumb\"},\"inLanguage\":\"fi\",\"potentialAction\":[{\"@type\":\"ReadAction\",\"target\":[\"https:\/\/www.almamedia.fi\/mainostajat\/en\/marketing-services\/\"]}]},{\"@type\":\"ImageObject\",\"inLanguage\":\"fi\",\"@id\":\"https:\/\/www.almamedia.fi\/mainostajat\/en\/marketing-services\/#primaryimage\",\"url\":\"https:\/\/www.almamedia.fi\/mainostajat\/wp-content\/uploads\/sites\/6\/Hero-3840x2160_shutterstock-2416920131.png\",\"contentUrl\":\"https:\/\/www.almamedia.fi\/mainostajat\/wp-content\/uploads\/sites\/6\/Hero-3840x2160_shutterstock-2416920131.png\",\"width\":2048,\"height\":1152},{\"@type\":\"BreadcrumbList\",\"@id\":\"https:\/\/www.almamedia.fi\/mainostajat\/en\/marketing-services\/#breadcrumb\",\"itemListElement\":[{\"@type\":\"ListItem\",\"position\":1,\"name\":\"Etusivu\",\"item\":\"https:\/\/www.almamedia.fi\/mainostajat\/\"},{\"@type\":\"ListItem\",\"position\":2,\"name\":\"Marketing services\"}]},{\"@type\":\"WebSite\",\"@id\":\"https:\/\/www.almamedia.fi\/mainostajat\/#website\",\"url\":\"https:\/\/www.almamedia.fi\/mainostajat\/\",\"name\":\"Alma Media - mainostajat\",\"description\":\"\",\"publisher\":{\"@id\":\"https:\/\/www.almamedia.fi\/mainostajat\/#organization\"},\"potentialAction\":[{\"@type\":\"SearchAction\",\"target\":{\"@type\":\"EntryPoint\",\"urlTemplate\":\"https:\/\/www.almamedia.fi\/mainostajat\/?s={search_term_string}\"},\"query-input\":{\"@type\":\"PropertyValueSpecification\",\"valueRequired\":true,\"valueName\":\"search_term_string\"}}],\"inLanguage\":\"fi\"},{\"@type\":\"Organization\",\"@id\":\"https:\/\/www.almamedia.fi\/mainostajat\/#organization\",\"name\":\"Alma Media - mainostajat\",\"url\":\"https:\/\/www.almamedia.fi\/mainostajat\/\",\"logo\":{\"@type\":\"ImageObject\",\"inLanguage\":\"fi\",\"@id\":\"https:\/\/www.almamedia.fi\/mainostajat\/#\/schema\/logo\/image\/\",\"url\":\"https:\/\/www.almamedia.fi\/mainostajat\/wp-content\/uploads\/sites\/6\/alma-media-logo-valkoinen.svg\",\"contentUrl\":\"https:\/\/www.almamedia.fi\/mainostajat\/wp-content\/uploads\/sites\/6\/alma-media-logo-valkoinen.svg\",\"width\":49,\"height\":50,\"caption\":\"Alma Media - mainostajat\"},\"image\":{\"@id\":\"https:\/\/www.almamedia.fi\/mainostajat\/#\/schema\/logo\/image\/\"}}]}<\/script>\n<!-- \/ Yoast SEO plugin. -->","yoast_head_json":{"title":"Marketing services - Alma Media","description":"Alma Media's marketing services combine creative content production, effective event marketing, and digital solutions.","robots":{"index":"index","follow":"follow","max-snippet":"max-snippet:-1","max-image-preview":"max-image-preview:large","max-video-preview":"max-video-preview:-1"},"canonical":"https:\/\/www.almamedia.fi\/mainostajat\/en\/marketing-services\/","og_locale":"fi_FI","og_type":"article","og_title":"Marketing services - Alma Media","og_description":"Alma Media's marketing services combine creative content production, effective event marketing, and digital solutions.","og_url":"https:\/\/www.almamedia.fi\/mainostajat\/en\/marketing-services\/","og_site_name":"Alma Media - mainostajat","article_modified_time":"2025-05-28T03:51:22+00:00","og_image":[{"width":1024,"height":576,"url":"https:\/\/www.almamedia.fi\/mainostajat\/wp-content\/uploads\/sites\/6\/Hero-3840x2160_shutterstock-2416920131-1024x576.png","type":"image\/png"}],"twitter_card":"summary_large_image","twitter_misc":{"Arvioitu lukuaika":"1 minuutti"},"schema":{"@context":"https:\/\/schema.org","@graph":[{"@type":"WebPage","@id":"https:\/\/www.almamedia.fi\/mainostajat\/en\/marketing-services\/","url":"https:\/\/www.almamedia.fi\/mainostajat\/en\/marketing-services\/","name":"Marketing services - Alma Media","isPartOf":{"@id":"https:\/\/www.almamedia.fi\/mainostajat\/#website"},"primaryImageOfPage":{"@id":"https:\/\/www.almamedia.fi\/mainostajat\/en\/marketing-services\/#primaryimage"},"image":{"@id":"https:\/\/www.almamedia.fi\/mainostajat\/en\/marketing-services\/#primaryimage"},"thumbnailUrl":"https:\/\/www.almamedia.fi\/mainostajat\/wp-content\/uploads\/sites\/6\/Hero-3840x2160_shutterstock-2416920131.png","datePublished":"2025-05-26T07:05:01+00:00","dateModified":"2025-05-28T03:51:22+00:00","description":"Alma Media's marketing services combine creative content production, effective event marketing, and digital solutions.","breadcrumb":{"@id":"https:\/\/www.almamedia.fi\/mainostajat\/en\/marketing-services\/#breadcrumb"},"inLanguage":"fi","potentialAction":[{"@type":"ReadAction","target":["https:\/\/www.almamedia.fi\/mainostajat\/en\/marketing-services\/"]}]},{"@type":"ImageObject","inLanguage":"fi","@id":"https:\/\/www.almamedia.fi\/mainostajat\/en\/marketing-services\/#primaryimage","url":"https:\/\/www.almamedia.fi\/mainostajat\/wp-content\/uploads\/sites\/6\/Hero-3840x2160_shutterstock-2416920131.png","contentUrl":"https:\/\/www.almamedia.fi\/mainostajat\/wp-content\/uploads\/sites\/6\/Hero-3840x2160_shutterstock-2416920131.png","width":2048,"height":1152},{"@type":"BreadcrumbList","@id":"https:\/\/www.almamedia.fi\/mainostajat\/en\/marketing-services\/#breadcrumb","itemListElement":[{"@type":"ListItem","position":1,"name":"Etusivu","item":"https:\/\/www.almamedia.fi\/mainostajat\/"},{"@type":"ListItem","position":2,"name":"Marketing services"}]},{"@type":"WebSite","@id":"https:\/\/www.almamedia.fi\/mainostajat\/#website","url":"https:\/\/www.almamedia.fi\/mainostajat\/","name":"Alma Media - mainostajat","description":"","publisher":{"@id":"https:\/\/www.almamedia.fi\/mainostajat\/#organization"},"potentialAction":[{"@type":"SearchAction","target":{"@type":"EntryPoint","urlTemplate":"https:\/\/www.almamedia.fi\/mainostajat\/?s={search_term_string}"},"query-input":{"@type":"PropertyValueSpecification","valueRequired":true,"valueName":"search_term_string"}}],"inLanguage":"fi"},{"@type":"Organization","@id":"https:\/\/www.almamedia.fi\/mainostajat\/#organization","name":"Alma Media - mainostajat","url":"https:\/\/www.almamedia.fi\/mainostajat\/","logo":{"@type":"ImageObject","inLanguage":"fi","@id":"https:\/\/www.almamedia.fi\/mainostajat\/#\/schema\/logo\/image\/","url":"https:\/\/www.almamedia.fi\/mainostajat\/wp-content\/uploads\/sites\/6\/alma-media-logo-valkoinen.svg","contentUrl":"https:\/\/www.almamedia.fi\/mainostajat\/wp-content\/uploads\/sites\/6\/alma-media-logo-valkoinen.svg","width":49,"height":50,"caption":"Alma Media - mainostajat"},"image":{"@id":"https:\/\/www.almamedia.fi\/mainostajat\/#\/schema\/logo\/image\/"}}]}},"lang":"en","translations":{"en":90710,"fi":3570},"pll_sync_post":[],"_links":{"self":[{"href":"https:\/\/www.almamedia.fi\/mainostajat\/wp-json\/wp\/v2\/pages\/90710","targetHints":{"allow":["GET"]}}],"collection":[{"href":"https:\/\/www.almamedia.fi\/mainostajat\/wp-json\/wp\/v2\/pages"}],"about":[{"href":"https:\/\/www.almamedia.fi\/mainostajat\/wp-json\/wp\/v2\/types\/page"}],"author":[{"embeddable":true,"href":"https:\/\/www.almamedia.fi\/mainostajat\/wp-json\/wp\/v2\/users\/11"}],"replies":[{"embeddable":true,"href":"https:\/\/www.almamedia.fi\/mainostajat\/wp-json\/wp\/v2\/comments?post=90710"}],"version-history":[{"count":0,"href":"https:\/\/www.almamedia.fi\/mainostajat\/wp-json\/wp\/v2\/pages\/90710\/revisions"}],"wp:featuredmedia":[{"embeddable":true,"href":"https:\/\/www.almamedia.fi\/mainostajat\/wp-json\/wp\/v2\/media\/88578"}],"wp:attachment":[{"href":"https:\/\/www.almamedia.fi\/mainostajat\/wp-json\/wp\/v2\/media?parent=90710"}],"curies":[{"name":"wp","href":"https:\/\/api.w.org\/{rel}","templated":true}]}}