{"id":90505,"date":"2025-05-23T13:54:02","date_gmt":"2025-05-23T10:54:02","guid":{"rendered":"https:\/\/www.almamedia.fi\/mainostajat\/?page_id=90505"},"modified":"2025-05-23T13:58:09","modified_gmt":"2025-05-23T10:58:09","slug":"etuovi","status":"publish","type":"page","link":"https:\/\/www.almamedia.fi\/mainostajat\/en\/alma-housing\/etuovi\/","title":{"rendered":"Etuovi"},"content":{"rendered":"\n<div style=\"height:128px\" aria-hidden=\"true\" class=\"wp-block-spacer\"><\/div>\n\n\n\n<div class=\"wp-block-columns is-layout-flex wp-container-core-columns-is-layout-9d6595d7 wp-block-columns-is-layout-flex\">\n<div class=\"wp-block-column is-vertically-aligned-bottom is-layout-flow wp-block-column-is-layout-flow\" style=\"flex-basis:56%\">\n<h2 class=\"wp-block-heading\">Etuovi.com is the most recognized, widely used, and best-serving platform for housing services.<\/h2>\n<\/div>\n\n\n\n<div class=\"wp-block-column is-layout-flow wp-block-column-is-layout-flow\" style=\"flex-basis:44%\">\n<div class=\"wp-block-columns is-layout-flex wp-container-core-columns-is-layout-9d6595d7 wp-block-columns-is-layout-flex\">\n<div class=\"wp-block-column is-layout-flow wp-block-column-is-layout-flow\"><\/div>\n<\/div>\n\n\n\n<div  class=\"numero-animoitu has-text-align-right has-top-line has-number-color-green has-font-size-l has-line-color-light has-text-size-m\">\n\n    \n    <div class=\"numero-wrapper\">\n                    <span class=\"netello-line netello-line-animated\"><\/span>\n                \n                    <span class=\"netello-number-counter \" data-target=\"902000\">0<\/span>\n        \n            <\/div>\n\n    <div class=\"alateksti\"><p>K\u00c4YTT\u00c4J\u00c4\u00c4 JOKA VIIKKO.<\/p>\n<\/div>\n<\/div>\n\n\n\n\n\n\n<p class=\"has-text-align-right\"><em><em><sup>Source: FIAM 2024 wk 32-35<\/sup><\/em><\/em><\/p>\n<\/div>\n<\/div>\n\n\n\n<div style=\"height:11rem\" aria-hidden=\"true\" class=\"wp-block-spacer\"><\/div>\n\n\n\n<div style=\"max-width:1050px;margin-left:auto;margin-right:auto\" class=\"wp-block-netello-max-width-container\">\n<div data-aos=\"fade-up\" class=\"wp-block-netello-animation\"><div class=\"wrapper\">\n<p class=\"has-text-align-center has-medium-font-size\"><strong>Etuovi.com is the most recognized, widely used, and best-serving platform for housing services. It serves as a target media, enabling you to reach home buyers and sellers, dreamers, and those seeking housing ideas.<\/strong><\/p>\n\n\n\n<p class=\"has-text-align-center has-medium-font-size\"><strong>In addition to various property listing packages, Etuovi.com offers advertisers a range of online and mobile advertising solutions, as well as content marketing strategies. You can target your ads based on user search behavior and run campaigns nationwide or regionally across all devices.<br><\/strong><\/p>\n\n\n\n<p class=\"has-text-align-center\"><strong><a href=\"http:\/\/avain.etuovi.com\/etusivu.html\" target=\"_blank\" rel=\"noreferrer noopener\">Media Info<\/a>\u2800|\u2800<a href=\"http:\/\/avain.etuovi.com\/etuovi.com-asunnot\/kohdeilmoittelu.html\" target=\"_blank\" rel=\"noreferrer noopener\">Property Listings<\/a>\u2800|\u2800<a href=\"http:\/\/avain.etuovi.com\/etuovi.com-asunnot\/verkkomainonta.html\" target=\"_blank\" rel=\"noreferrer noopener\">Online Ads<\/a>\u2800|\u2800<a href=\"http:\/\/avain.etuovi.com\/etuovi.com-asunnot\/mobiilimainonta.html\" target=\"_blank\" rel=\"noreferrer noopener\">Mobile Ads<\/a><\/strong>\u2800|\u2800<a href=\"http:\/\/www.etuovi.com\/\" target=\"_blank\" rel=\"noreferrer noopener\"><strong>Etuovi.com<\/strong><\/a>\u2800|\u2800<a href=\"http:\/\/www.etuovi.com\/blogi\/\" target=\"_blank\" rel=\"noreferrer noopener\"><strong>Etuovi-blog<\/strong><\/a><\/p>\n<\/div><\/div>\n<\/div>\n\n\n\n<div style=\"height:10rem\" aria-hidden=\"true\" class=\"wp-block-spacer\"><\/div>\n\n\n<div data-aos=\"fade-up\"         class=\"iso-otsikko has-align-center  has-font-size-s\">\n\n    <h2 class=\"otsikko\">\n        \n            Etuovi.com is proven to be the most comprehensive, widely used, and essential platform.\n            <\/h2>\n<\/div>\n\n\n\n<div class=\"wp-block-netello-container align-center\"><div class=\"wrapper\">\n<div style=\"height:2rem\" aria-hidden=\"true\" class=\"wp-block-spacer\"><\/div>\n\n\n\n<div class=\"wp-block-columns is-layout-flex wp-container-core-columns-is-layout-9d6595d7 wp-block-columns-is-layout-flex\">\n<div class=\"wp-block-column is-layout-flow wp-block-column-is-layout-flow\">\n<div  class=\"numero-animoitu has-text-align-center has-top-line has-full-width-top-line has-number-color-white has-font-size-s has-line-color-purple has-text-size-m\">\n\n    \n    <div class=\"numero-wrapper\">\n                    <span class=\"netello-line netello-line-animated\"><\/span>\n                \n                    <span class=\"netello-number-counter \" data-target=\"902000\">0<\/span>\n        \n            <\/div>\n\n    <div class=\"alateksti\"><p>WEEKLY REACH<\/p>\n<\/div>\n<\/div>\n\n\n\n<\/div>\n\n\n\n<div class=\"wp-block-column is-layout-flow wp-block-column-is-layout-flow\">\n<div  class=\"numero-animoitu has-text-align-center has-top-line has-full-width-top-line has-number-color-white has-font-size-s has-line-color-purple has-text-size-m\">\n\n    \n    <div class=\"numero-wrapper\">\n                    <span class=\"netello-line netello-line-animated\"><\/span>\n                \n                    <span class=\"netello-number-counter \" data-target=\"16.5\">0<\/span>\n        \n        <span>M<\/span>    <\/div>\n\n    <div class=\"alateksti\"><p>PAGE LOADS<\/p>\n<\/div>\n<\/div>\n\n\n\n<\/div>\n\n\n\n<div class=\"wp-block-column is-vertically-aligned-center is-layout-flow wp-block-column-is-layout-flow\">\n<div  class=\"numero-animoitu has-text-align-center has-top-line has-full-width-top-line has-number-color-white has-font-size-s has-line-color-purple has-text-size-m\">\n\n    \n    <div class=\"numero-wrapper\">\n                    <span class=\"netello-line netello-line-animated\"><\/span>\n                <span class=\"teksti-ennen\">Yli<\/span>\n                    <span class=\"netello-number-counter \" data-target=\"70\">0<\/span>\n        \n        <span>%<\/span>    <\/div>\n\n    <div class=\"alateksti\"><p>USES MOBILE DEVICE<\/p>\n<\/div>\n<\/div>\n\n\n\n<\/div>\n<\/div>\n\n\n\n<div class=\"wp-block-columns is-layout-flex wp-container-core-columns-is-layout-9d6595d7 wp-block-columns-is-layout-flex\">\n<div class=\"wp-block-column is-layout-flow wp-block-column-is-layout-flow\">\n<div  class=\"numero-animoitu has-text-align-center has-top-line has-full-width-top-line has-number-color-white has-font-size-s has-line-color-purple has-text-size-m\">\n\n    \n    <div class=\"numero-wrapper\">\n                    <span class=\"netello-line netello-line-animated\"><\/span>\n                \n        \n        <span>mon, tue, sun<\/span>    <\/div>\n\n    <div class=\"alateksti\"><p>MOST POPULAR DAYS OF THE WEEK<\/p>\n<\/div>\n<\/div>\n\n\n\n<\/div>\n\n\n\n<div class=\"wp-block-column is-layout-flow wp-block-column-is-layout-flow\">\n<div  class=\"numero-animoitu has-text-align-center has-top-line has-full-width-top-line has-number-color-white has-font-size-s has-line-color-purple has-text-size-m\">\n\n    \n    <div class=\"numero-wrapper\">\n                    <span class=\"netello-line netello-line-animated\"><\/span>\n                \n        \n        <span>19-22 PM<\/span>    <\/div>\n\n    <div class=\"alateksti\"><p>HIGHEST NUMBER OF USERS<\/p>\n<\/div>\n<\/div>\n\n\n\n<\/div>\n\n\n\n<div class=\"wp-block-column is-vertically-aligned-center is-layout-flow wp-block-column-is-layout-flow\">\n<div  class=\"numero-animoitu has-text-align-center has-top-line has-full-width-top-line has-number-color-white has-font-size-s has-line-color-purple has-text-size-m\">\n\n    \n    <div class=\"numero-wrapper\">\n                    <span class=\"netello-line netello-line-animated\"><\/span>\n                \n        \n        <span>19 PM<\/span>    <\/div>\n\n    <div class=\"alateksti\"><p>MOST CONTACT REQUESTS SENT<\/p>\n<\/div>\n<\/div>\n\n\n\n<\/div>\n<\/div>\n\n\n\n<div class=\"wp-block-columns is-layout-flex wp-container-core-columns-is-layout-9d6595d7 wp-block-columns-is-layout-flex\">\n<div class=\"wp-block-column is-layout-flow wp-block-column-is-layout-flow\">\n<div  class=\"numero-animoitu has-text-align-center has-top-line has-full-width-top-line has-number-color-white has-font-size-s has-line-color-purple has-text-size-m\">\n\n    \n    <div class=\"numero-wrapper\">\n                    <span class=\"netello-line netello-line-animated\"><\/span>\n                \n        \n        <span>1-12h<\/span>    <\/div>\n\n    <div class=\"alateksti\"><p>EXPECTED RESPONSE TIME FOR CONTACT REQUESTS<\/p>\n<\/div>\n<\/div>\n\n\n\n<\/div>\n\n\n\n<div class=\"wp-block-column is-layout-flow wp-block-column-is-layout-flow\">\n<div  class=\"numero-animoitu has-text-align-center has-top-line has-full-width-top-line has-number-color-white has-font-size-s has-line-color-purple has-text-size-m\">\n\n    \n    <div class=\"numero-wrapper\">\n                    <span class=\"netello-line netello-line-animated\"><\/span>\n                \n        \n        <span>6 min<\/span>    <\/div>\n\n    <div class=\"alateksti\"><p>AVERAGE DURATION OF VISIT<\/p>\n<\/div>\n<\/div>\n\n\n\n<\/div>\n\n\n\n<div class=\"wp-block-column is-layout-flow wp-block-column-is-layout-flow\"><\/div>\n<\/div>\n\n\n\n<div style=\"height:1rem\" aria-hidden=\"true\" class=\"wp-block-spacer\"><\/div>\n\n\n\n<p class=\"has-text-align-right has-small-font-size\">Sources: <br>Reach: FIAM reach different visitors 2024 weeks 32-35; <br>mobile usage and usage times: Google Analytics January-June 2022; <br>perception: IROResearch February 2022; <br>most comprehensive: Etuovi.com number of listings 2022; <br>most used: Home buying and selling process study 2021; <br>expected response time for contact requests: Etuovi.com visitor study 2020;<\/p>\n<\/div><\/div>\n\n\n\n<div style=\"height:8rem\" aria-hidden=\"true\" class=\"wp-block-spacer\"><\/div>\n","protected":false},"excerpt":{"rendered":"<p>Etuovi.com is the most recognized, widely used, and best-serving platform for housing services. Source: FIAM [&hellip;]<\/p>\n","protected":false},"author":11,"featured_media":0,"parent":90281,"menu_order":0,"comment_status":"closed","ping_status":"closed","template":"","meta":{"_acf_changed":false,"footnotes":""},"class_list":["post-90505","page","type-page","status-publish","hentry"],"acf":[],"yoast_head":"<!-- This site is optimized with the Yoast SEO plugin v26.9 - https:\/\/yoast.com\/product\/yoast-seo-wordpress\/ -->\n<title>Etuovi - Alma Media<\/title>\n<meta name=\"description\" content=\"Etuovi.com is the most recognized, and best-serving housing service. It connects you with individuals interested in housing.\" \/>\n<meta name=\"robots\" content=\"index, follow, max-snippet:-1, max-image-preview:large, max-video-preview:-1\" \/>\n<link rel=\"canonical\" href=\"https:\/\/www.almamedia.fi\/mainostajat\/en\/alma-housing\/etuovi\/\" \/>\n<meta property=\"og:locale\" content=\"fi_FI\" \/>\n<meta property=\"og:type\" content=\"article\" \/>\n<meta property=\"og:title\" content=\"Etuovi - Alma Media\" \/>\n<meta property=\"og:description\" content=\"Etuovi.com is the most recognized, and best-serving housing service. It connects you with individuals interested in housing.\" \/>\n<meta property=\"og:url\" content=\"https:\/\/www.almamedia.fi\/mainostajat\/en\/alma-housing\/etuovi\/\" \/>\n<meta property=\"og:site_name\" content=\"Alma Media - mainostajat\" \/>\n<meta property=\"article:modified_time\" content=\"2025-05-23T10:58:09+00:00\" \/>\n<meta name=\"twitter:card\" content=\"summary_large_image\" \/>\n<meta name=\"twitter:label1\" content=\"Arvioitu lukuaika\" \/>\n\t<meta name=\"twitter:data1\" content=\"1 minuutti\" \/>\n<script type=\"application\/ld+json\" class=\"yoast-schema-graph\">{\"@context\":\"https:\/\/schema.org\",\"@graph\":[{\"@type\":\"WebPage\",\"@id\":\"https:\/\/www.almamedia.fi\/mainostajat\/en\/alma-housing\/etuovi\/\",\"url\":\"https:\/\/www.almamedia.fi\/mainostajat\/en\/alma-housing\/etuovi\/\",\"name\":\"Etuovi - Alma Media\",\"isPartOf\":{\"@id\":\"https:\/\/www.almamedia.fi\/mainostajat\/#website\"},\"datePublished\":\"2025-05-23T10:54:02+00:00\",\"dateModified\":\"2025-05-23T10:58:09+00:00\",\"description\":\"Etuovi.com is the most recognized, and best-serving housing service. It connects you with individuals interested in housing.\",\"breadcrumb\":{\"@id\":\"https:\/\/www.almamedia.fi\/mainostajat\/en\/alma-housing\/etuovi\/#breadcrumb\"},\"inLanguage\":\"fi\",\"potentialAction\":[{\"@type\":\"ReadAction\",\"target\":[\"https:\/\/www.almamedia.fi\/mainostajat\/en\/alma-housing\/etuovi\/\"]}]},{\"@type\":\"BreadcrumbList\",\"@id\":\"https:\/\/www.almamedia.fi\/mainostajat\/en\/alma-housing\/etuovi\/#breadcrumb\",\"itemListElement\":[{\"@type\":\"ListItem\",\"position\":1,\"name\":\"Etusivu\",\"item\":\"https:\/\/www.almamedia.fi\/mainostajat\/\"},{\"@type\":\"ListItem\",\"position\":2,\"name\":\"Housing\",\"item\":\"https:\/\/www.almamedia.fi\/mainostajat\/en\/alma-housing\/\"},{\"@type\":\"ListItem\",\"position\":3,\"name\":\"Etuovi\"}]},{\"@type\":\"WebSite\",\"@id\":\"https:\/\/www.almamedia.fi\/mainostajat\/#website\",\"url\":\"https:\/\/www.almamedia.fi\/mainostajat\/\",\"name\":\"Alma Media - mainostajat\",\"description\":\"\",\"publisher\":{\"@id\":\"https:\/\/www.almamedia.fi\/mainostajat\/#organization\"},\"potentialAction\":[{\"@type\":\"SearchAction\",\"target\":{\"@type\":\"EntryPoint\",\"urlTemplate\":\"https:\/\/www.almamedia.fi\/mainostajat\/?s={search_term_string}\"},\"query-input\":{\"@type\":\"PropertyValueSpecification\",\"valueRequired\":true,\"valueName\":\"search_term_string\"}}],\"inLanguage\":\"fi\"},{\"@type\":\"Organization\",\"@id\":\"https:\/\/www.almamedia.fi\/mainostajat\/#organization\",\"name\":\"Alma Media - mainostajat\",\"url\":\"https:\/\/www.almamedia.fi\/mainostajat\/\",\"logo\":{\"@type\":\"ImageObject\",\"inLanguage\":\"fi\",\"@id\":\"https:\/\/www.almamedia.fi\/mainostajat\/#\/schema\/logo\/image\/\",\"url\":\"https:\/\/www.almamedia.fi\/mainostajat\/wp-content\/uploads\/sites\/6\/alma-media-logo-valkoinen.svg\",\"contentUrl\":\"https:\/\/www.almamedia.fi\/mainostajat\/wp-content\/uploads\/sites\/6\/alma-media-logo-valkoinen.svg\",\"width\":49,\"height\":50,\"caption\":\"Alma Media - mainostajat\"},\"image\":{\"@id\":\"https:\/\/www.almamedia.fi\/mainostajat\/#\/schema\/logo\/image\/\"}}]}<\/script>\n<!-- \/ Yoast SEO plugin. -->","yoast_head_json":{"title":"Etuovi - Alma Media","description":"Etuovi.com is the most recognized, and best-serving housing service. It connects you with individuals interested in housing.","robots":{"index":"index","follow":"follow","max-snippet":"max-snippet:-1","max-image-preview":"max-image-preview:large","max-video-preview":"max-video-preview:-1"},"canonical":"https:\/\/www.almamedia.fi\/mainostajat\/en\/alma-housing\/etuovi\/","og_locale":"fi_FI","og_type":"article","og_title":"Etuovi - Alma Media","og_description":"Etuovi.com is the most recognized, and best-serving housing service. It connects you with individuals interested in housing.","og_url":"https:\/\/www.almamedia.fi\/mainostajat\/en\/alma-housing\/etuovi\/","og_site_name":"Alma Media - mainostajat","article_modified_time":"2025-05-23T10:58:09+00:00","twitter_card":"summary_large_image","twitter_misc":{"Arvioitu lukuaika":"1 minuutti"},"schema":{"@context":"https:\/\/schema.org","@graph":[{"@type":"WebPage","@id":"https:\/\/www.almamedia.fi\/mainostajat\/en\/alma-housing\/etuovi\/","url":"https:\/\/www.almamedia.fi\/mainostajat\/en\/alma-housing\/etuovi\/","name":"Etuovi - Alma Media","isPartOf":{"@id":"https:\/\/www.almamedia.fi\/mainostajat\/#website"},"datePublished":"2025-05-23T10:54:02+00:00","dateModified":"2025-05-23T10:58:09+00:00","description":"Etuovi.com is the most recognized, and best-serving housing service. It connects you with individuals interested in housing.","breadcrumb":{"@id":"https:\/\/www.almamedia.fi\/mainostajat\/en\/alma-housing\/etuovi\/#breadcrumb"},"inLanguage":"fi","potentialAction":[{"@type":"ReadAction","target":["https:\/\/www.almamedia.fi\/mainostajat\/en\/alma-housing\/etuovi\/"]}]},{"@type":"BreadcrumbList","@id":"https:\/\/www.almamedia.fi\/mainostajat\/en\/alma-housing\/etuovi\/#breadcrumb","itemListElement":[{"@type":"ListItem","position":1,"name":"Etusivu","item":"https:\/\/www.almamedia.fi\/mainostajat\/"},{"@type":"ListItem","position":2,"name":"Housing","item":"https:\/\/www.almamedia.fi\/mainostajat\/en\/alma-housing\/"},{"@type":"ListItem","position":3,"name":"Etuovi"}]},{"@type":"WebSite","@id":"https:\/\/www.almamedia.fi\/mainostajat\/#website","url":"https:\/\/www.almamedia.fi\/mainostajat\/","name":"Alma Media - mainostajat","description":"","publisher":{"@id":"https:\/\/www.almamedia.fi\/mainostajat\/#organization"},"potentialAction":[{"@type":"SearchAction","target":{"@type":"EntryPoint","urlTemplate":"https:\/\/www.almamedia.fi\/mainostajat\/?s={search_term_string}"},"query-input":{"@type":"PropertyValueSpecification","valueRequired":true,"valueName":"search_term_string"}}],"inLanguage":"fi"},{"@type":"Organization","@id":"https:\/\/www.almamedia.fi\/mainostajat\/#organization","name":"Alma Media - mainostajat","url":"https:\/\/www.almamedia.fi\/mainostajat\/","logo":{"@type":"ImageObject","inLanguage":"fi","@id":"https:\/\/www.almamedia.fi\/mainostajat\/#\/schema\/logo\/image\/","url":"https:\/\/www.almamedia.fi\/mainostajat\/wp-content\/uploads\/sites\/6\/alma-media-logo-valkoinen.svg","contentUrl":"https:\/\/www.almamedia.fi\/mainostajat\/wp-content\/uploads\/sites\/6\/alma-media-logo-valkoinen.svg","width":49,"height":50,"caption":"Alma Media - mainostajat"},"image":{"@id":"https:\/\/www.almamedia.fi\/mainostajat\/#\/schema\/logo\/image\/"}}]}},"lang":"en","translations":{"en":90505,"fi":86040},"pll_sync_post":[],"_links":{"self":[{"href":"https:\/\/www.almamedia.fi\/mainostajat\/wp-json\/wp\/v2\/pages\/90505","targetHints":{"allow":["GET"]}}],"collection":[{"href":"https:\/\/www.almamedia.fi\/mainostajat\/wp-json\/wp\/v2\/pages"}],"about":[{"href":"https:\/\/www.almamedia.fi\/mainostajat\/wp-json\/wp\/v2\/types\/page"}],"author":[{"embeddable":true,"href":"https:\/\/www.almamedia.fi\/mainostajat\/wp-json\/wp\/v2\/users\/11"}],"replies":[{"embeddable":true,"href":"https:\/\/www.almamedia.fi\/mainostajat\/wp-json\/wp\/v2\/comments?post=90505"}],"version-history":[{"count":0,"href":"https:\/\/www.almamedia.fi\/mainostajat\/wp-json\/wp\/v2\/pages\/90505\/revisions"}],"up":[{"embeddable":true,"href":"https:\/\/www.almamedia.fi\/mainostajat\/wp-json\/wp\/v2\/pages\/90281"}],"wp:attachment":[{"href":"https:\/\/www.almamedia.fi\/mainostajat\/wp-json\/wp\/v2\/media?parent=90505"}],"curies":[{"name":"wp","href":"https:\/\/api.w.org\/{rel}","templated":true}]}}