{"id":86065,"date":"2025-04-08T14:54:20","date_gmt":"2025-04-08T11:54:20","guid":{"rendered":"https:\/\/www.almamedia.fi\/mainostajat\/?page_id=86065"},"modified":"2025-06-06T10:52:05","modified_gmt":"2025-06-06T07:52:05","slug":"autotalli-com","status":"publish","type":"page","link":"https:\/\/www.almamedia.fi\/mainostajat\/autoilu-ja-liikkuminen\/autotalli-com\/","title":{"rendered":"Autotalli.com"},"content":{"rendered":"\n<div style=\"height:128px\" aria-hidden=\"true\" class=\"wp-block-spacer\"><\/div>\n\n\n\n<div class=\"wp-block-columns is-layout-flex wp-container-core-columns-is-layout-9d6595d7 wp-block-columns-is-layout-flex\">\n<div class=\"wp-block-column is-vertically-aligned-bottom is-layout-flow wp-block-column-is-layout-flow\" style=\"flex-basis:56%\">\n<h2 class=\"wp-block-heading\">Autotalli.com&nbsp;on valtakunnallinen autokaupan verkkopalvelu ja autoalan kehittyv\u00e4 kumppani.<\/h2>\n<\/div>\n\n\n\n<div class=\"wp-block-column is-layout-flow wp-block-column-is-layout-flow\" style=\"flex-basis:44%\">\n<div class=\"wp-block-columns is-layout-flex wp-container-core-columns-is-layout-9d6595d7 wp-block-columns-is-layout-flex\">\n<div class=\"wp-block-column is-layout-flow wp-block-column-is-layout-flow\"><\/div>\n<\/div>\n\n\n\n<div  class=\"numero-animoitu has-text-align-right has-top-line has-number-color-green has-font-size-l has-line-color-light has-text-size-m\">\n\n    \n    <div class=\"numero-wrapper\">\n                    <span class=\"netello-line netello-line-animated\"><\/span>\n                \n                    <span class=\"netello-number-counter \" data-target=\"108000\">0<\/span>\n        \n            <\/div>\n\n    <div class=\"alateksti\"><p>K\u00c4YTT\u00c4J\u00c4\u00c4 JOKA VIIKKO.<\/p>\n<\/div>\n<\/div>\n\n\n\n<\/div>\n<\/div>\n\n\n\n<p class=\"has-text-align-right\"><em><sup>L\u00e4hde: FIAM viikko 14\/2025<\/sup><\/em><\/p>\n\n\n\n<div style=\"height:11rem\" aria-hidden=\"true\" class=\"wp-block-spacer\"><\/div>\n\n\n\n<div style=\"max-width:1050px;margin-left:auto;margin-right:auto\" class=\"wp-block-netello-max-width-container\">\n<div data-aos=\"fade-up\" class=\"wp-block-netello-animation\"><div class=\"wrapper\">\n<p class=\"has-text-align-center has-medium-font-size\"><strong><a href=\"https:\/\/www.autotalli.com\/\" target=\"_blank\" rel=\"noreferrer noopener\">Autotalli.com<\/a>&nbsp;on valtakunnallinen autokaupan verkkopalvelu ja autoalan kehittyv\u00e4 kumppani. Palvelusta l\u00f6ytyv\u00e4t autoliikkeiden vaihtoautot, kaikki Suomessa myyt\u00e4v\u00e4t uudet autot sek\u00e4 leasing-autot. Autotalli tarjoaa my\u00f6s mielenkiintoiset autoalan artikkelit ja koeajot.<\/strong><\/p>\n\n\n\n<p class=\"has-text-align-center\">Valtaosa palvelun k\u00e4vij\u00f6ist\u00e4 suunnittelee auton hankintaa. Autotalli tuottaakin kumppaneilleen laadukkaita ja kauppaan johtavia liidej\u00e4. Mainostajille Autotalli tarjoaa otollisen ymp\u00e4rist\u00f6n hyv\u00e4tuloisten ja aktiivisesti autoa etsivien tosiostajien tavoittamiseen ostopolun eri vaiheissa.<\/p>\n<\/div><\/div>\n<\/div>\n\n\n\n<div aria-hidden=\"true\" class=\"wp-block-netello-valike\"><div class=\"valike-desktop\" style=\"height:135px\"><\/div><div class=\"valike-mobile\" style=\"height:75px\"><\/div><\/div>\n\n\n\n<div style=\"--right-column-max-width:767px;--left-column-max-width:600px\" class=\"wp-block-netello-kaksi-palstaa\"><div class=\"wrapper\">\n<div class=\"wp-block-columns is-layout-flex wp-container-core-columns-is-layout-9d6595d7 wp-block-columns-is-layout-flex\">\n<div class=\"wp-block-column is-layout-flow wp-block-column-is-layout-flow\"><\/div>\n\n\n\n<div class=\"wp-block-column is-layout-flow wp-block-column-is-layout-flow\">\n<div class=\"wp-block-group column-inner\"><div class=\"wp-block-group__inner-container is-layout-flow wp-block-group-is-layout-flow\">\n<div class=\"wp-block-netello-laatikko-viivalla laatikko-viivalla line-vaalea\"><div class=\"netello-line netello-line-animated\"><\/div>\n<p class=\"netello-linkit has-medium-font-size\"><strong>Kysy myyjilt\u00e4mme lis\u00e4\u00e4 mainonnan mahdollisuuksista Autotalli.comissa:<\/strong><\/p>\n\n\n\n<div class=\"wp-block-group netello-linkit\"><div class=\"wp-block-group__inner-container is-layout-constrained wp-block-group-is-layout-constrained\">\n<p><a href=\"https:\/\/www.autotalli.com\/\" target=\"_blank\" rel=\"noreferrer noopener\">Autotalli.com \u203a<\/a><\/p>\n\n\n\n<p><a href=\"https:\/\/www.almamobility.fi\/tuotteet\/autotalli\/\" target=\"_blank\" rel=\"noreferrer noopener\">Mediatiedot \u203a<\/a><\/p>\n\n\n\n<p><a href=\"https:\/\/www.almamedia.fi\/mainostajat\/aineisto-ohjeet\/\">Aineisto-ohjeet \u203a<\/a><\/p>\n\n\n\n<p><a href=\"https:\/\/www.almamedia.fi\/mainostajat\/mediamyynnin-yhteystiedot\/\" target=\"_blank\" rel=\"noreferrer noopener\">Yhteystiedot \u203a<\/a><\/p>\n<\/div><\/div>\n<\/div>\n<\/div><\/div>\n<\/div>\n<\/div>\n<\/div><\/div>\n\n\n\n<p><\/p>\n","protected":false},"excerpt":{"rendered":"<p>Autotalli.com&nbsp;on valtakunnallinen autokaupan verkkopalvelu ja autoalan kehittyv\u00e4 kumppani. L\u00e4hde: FIAM viikko 14\/2025<\/p>\n","protected":false},"author":105,"featured_media":86859,"parent":82786,"menu_order":0,"comment_status":"closed","ping_status":"closed","template":"","meta":{"_acf_changed":false,"footnotes":""},"class_list":["post-86065","page","type-page","status-publish","has-post-thumbnail","hentry"],"acf":[],"yoast_head":"<!-- This site is optimized with the Yoast SEO plugin v26.9 - https:\/\/yoast.com\/product\/yoast-seo-wordpress\/ -->\n<title>Autotalli.com - Alma Media - mainostajat<\/title>\n<meta name=\"description\" content=\"Autotalli.com is a Finnish online car sales platform and a growing partner in the automotive industry. It offers used cars from dealerships.\" \/>\n<meta name=\"robots\" content=\"index, follow, max-snippet:-1, max-image-preview:large, max-video-preview:-1\" \/>\n<link rel=\"canonical\" href=\"https:\/\/www.almamedia.fi\/mainostajat\/autoilu-ja-liikkuminen\/autotalli-com\/\" \/>\n<meta property=\"og:locale\" content=\"fi_FI\" \/>\n<meta property=\"og:type\" content=\"article\" \/>\n<meta property=\"og:title\" content=\"Autotalli.com - Alma Media - mainostajat\" \/>\n<meta property=\"og:description\" content=\"Autotalli.com is a Finnish online car sales platform and a growing partner in the automotive industry. It offers used cars from dealerships.\" \/>\n<meta property=\"og:url\" content=\"https:\/\/www.almamedia.fi\/mainostajat\/autoilu-ja-liikkuminen\/autotalli-com\/\" \/>\n<meta property=\"og:site_name\" content=\"Alma Media - mainostajat\" \/>\n<meta property=\"article:modified_time\" content=\"2025-06-06T07:52:05+00:00\" \/>\n<meta property=\"og:image\" content=\"https:\/\/www.almamedia.fi\/mainostajat\/wp-content\/uploads\/sites\/6\/autotalli-com_header.tmb-width-1500.png\" \/>\n\t<meta property=\"og:image:width\" content=\"1500\" \/>\n\t<meta property=\"og:image:height\" content=\"400\" \/>\n\t<meta property=\"og:image:type\" content=\"image\/png\" \/>\n<meta name=\"twitter:card\" content=\"summary_large_image\" \/>\n<meta name=\"twitter:label1\" content=\"Arvioitu lukuaika\" \/>\n\t<meta name=\"twitter:data1\" content=\"1 minuutti\" \/>\n<script type=\"application\/ld+json\" class=\"yoast-schema-graph\">{\"@context\":\"https:\/\/schema.org\",\"@graph\":[{\"@type\":\"WebPage\",\"@id\":\"https:\/\/www.almamedia.fi\/mainostajat\/autoilu-ja-liikkuminen\/autotalli-com\/\",\"url\":\"https:\/\/www.almamedia.fi\/mainostajat\/autoilu-ja-liikkuminen\/autotalli-com\/\",\"name\":\"Autotalli.com - Alma Media - mainostajat\",\"isPartOf\":{\"@id\":\"https:\/\/www.almamedia.fi\/mainostajat\/#website\"},\"primaryImageOfPage\":{\"@id\":\"https:\/\/www.almamedia.fi\/mainostajat\/autoilu-ja-liikkuminen\/autotalli-com\/#primaryimage\"},\"image\":{\"@id\":\"https:\/\/www.almamedia.fi\/mainostajat\/autoilu-ja-liikkuminen\/autotalli-com\/#primaryimage\"},\"thumbnailUrl\":\"https:\/\/www.almamedia.fi\/mainostajat\/wp-content\/uploads\/sites\/6\/autotalli-com_header.tmb-width-1500.png\",\"datePublished\":\"2025-04-08T11:54:20+00:00\",\"dateModified\":\"2025-06-06T07:52:05+00:00\",\"description\":\"Autotalli.com is a Finnish online car sales platform and a growing partner in the automotive industry. It offers used cars from dealerships.\",\"breadcrumb\":{\"@id\":\"https:\/\/www.almamedia.fi\/mainostajat\/autoilu-ja-liikkuminen\/autotalli-com\/#breadcrumb\"},\"inLanguage\":\"fi\",\"potentialAction\":[{\"@type\":\"ReadAction\",\"target\":[\"https:\/\/www.almamedia.fi\/mainostajat\/autoilu-ja-liikkuminen\/autotalli-com\/\"]}]},{\"@type\":\"ImageObject\",\"inLanguage\":\"fi\",\"@id\":\"https:\/\/www.almamedia.fi\/mainostajat\/autoilu-ja-liikkuminen\/autotalli-com\/#primaryimage\",\"url\":\"https:\/\/www.almamedia.fi\/mainostajat\/wp-content\/uploads\/sites\/6\/autotalli-com_header.tmb-width-1500.png\",\"contentUrl\":\"https:\/\/www.almamedia.fi\/mainostajat\/wp-content\/uploads\/sites\/6\/autotalli-com_header.tmb-width-1500.png\",\"width\":1500,\"height\":400,\"caption\":\"autotalli.com\"},{\"@type\":\"BreadcrumbList\",\"@id\":\"https:\/\/www.almamedia.fi\/mainostajat\/autoilu-ja-liikkuminen\/autotalli-com\/#breadcrumb\",\"itemListElement\":[{\"@type\":\"ListItem\",\"position\":1,\"name\":\"Etusivu\",\"item\":\"https:\/\/www.almamedia.fi\/mainostajat\/\"},{\"@type\":\"ListItem\",\"position\":2,\"name\":\"Autoilu ja liikkuminen\",\"item\":\"https:\/\/www.almamedia.fi\/mainostajat\/autoilu-ja-liikkuminen\/\"},{\"@type\":\"ListItem\",\"position\":3,\"name\":\"Autotalli.com\"}]},{\"@type\":\"WebSite\",\"@id\":\"https:\/\/www.almamedia.fi\/mainostajat\/#website\",\"url\":\"https:\/\/www.almamedia.fi\/mainostajat\/\",\"name\":\"Alma Media - mainostajat\",\"description\":\"\",\"publisher\":{\"@id\":\"https:\/\/www.almamedia.fi\/mainostajat\/#organization\"},\"potentialAction\":[{\"@type\":\"SearchAction\",\"target\":{\"@type\":\"EntryPoint\",\"urlTemplate\":\"https:\/\/www.almamedia.fi\/mainostajat\/?s={search_term_string}\"},\"query-input\":{\"@type\":\"PropertyValueSpecification\",\"valueRequired\":true,\"valueName\":\"search_term_string\"}}],\"inLanguage\":\"fi\"},{\"@type\":\"Organization\",\"@id\":\"https:\/\/www.almamedia.fi\/mainostajat\/#organization\",\"name\":\"Alma Media - mainostajat\",\"url\":\"https:\/\/www.almamedia.fi\/mainostajat\/\",\"logo\":{\"@type\":\"ImageObject\",\"inLanguage\":\"fi\",\"@id\":\"https:\/\/www.almamedia.fi\/mainostajat\/#\/schema\/logo\/image\/\",\"url\":\"https:\/\/www.almamedia.fi\/mainostajat\/wp-content\/uploads\/sites\/6\/alma-media-logo-valkoinen.svg\",\"contentUrl\":\"https:\/\/www.almamedia.fi\/mainostajat\/wp-content\/uploads\/sites\/6\/alma-media-logo-valkoinen.svg\",\"width\":49,\"height\":50,\"caption\":\"Alma Media - mainostajat\"},\"image\":{\"@id\":\"https:\/\/www.almamedia.fi\/mainostajat\/#\/schema\/logo\/image\/\"}}]}<\/script>\n<!-- \/ Yoast SEO plugin. -->","yoast_head_json":{"title":"Autotalli.com - Alma Media - mainostajat","description":"Autotalli.com is a Finnish online car sales platform and a growing partner in the automotive industry. It offers used cars from dealerships.","robots":{"index":"index","follow":"follow","max-snippet":"max-snippet:-1","max-image-preview":"max-image-preview:large","max-video-preview":"max-video-preview:-1"},"canonical":"https:\/\/www.almamedia.fi\/mainostajat\/autoilu-ja-liikkuminen\/autotalli-com\/","og_locale":"fi_FI","og_type":"article","og_title":"Autotalli.com - Alma Media - mainostajat","og_description":"Autotalli.com is a Finnish online car sales platform and a growing partner in the automotive industry. It offers used cars from dealerships.","og_url":"https:\/\/www.almamedia.fi\/mainostajat\/autoilu-ja-liikkuminen\/autotalli-com\/","og_site_name":"Alma Media - mainostajat","article_modified_time":"2025-06-06T07:52:05+00:00","og_image":[{"width":1500,"height":400,"url":"https:\/\/www.almamedia.fi\/mainostajat\/wp-content\/uploads\/sites\/6\/autotalli-com_header.tmb-width-1500.png","type":"image\/png"}],"twitter_card":"summary_large_image","twitter_misc":{"Arvioitu lukuaika":"1 minuutti"},"schema":{"@context":"https:\/\/schema.org","@graph":[{"@type":"WebPage","@id":"https:\/\/www.almamedia.fi\/mainostajat\/autoilu-ja-liikkuminen\/autotalli-com\/","url":"https:\/\/www.almamedia.fi\/mainostajat\/autoilu-ja-liikkuminen\/autotalli-com\/","name":"Autotalli.com - Alma Media - mainostajat","isPartOf":{"@id":"https:\/\/www.almamedia.fi\/mainostajat\/#website"},"primaryImageOfPage":{"@id":"https:\/\/www.almamedia.fi\/mainostajat\/autoilu-ja-liikkuminen\/autotalli-com\/#primaryimage"},"image":{"@id":"https:\/\/www.almamedia.fi\/mainostajat\/autoilu-ja-liikkuminen\/autotalli-com\/#primaryimage"},"thumbnailUrl":"https:\/\/www.almamedia.fi\/mainostajat\/wp-content\/uploads\/sites\/6\/autotalli-com_header.tmb-width-1500.png","datePublished":"2025-04-08T11:54:20+00:00","dateModified":"2025-06-06T07:52:05+00:00","description":"Autotalli.com is a Finnish online car sales platform and a growing partner in the automotive industry. It offers used cars from dealerships.","breadcrumb":{"@id":"https:\/\/www.almamedia.fi\/mainostajat\/autoilu-ja-liikkuminen\/autotalli-com\/#breadcrumb"},"inLanguage":"fi","potentialAction":[{"@type":"ReadAction","target":["https:\/\/www.almamedia.fi\/mainostajat\/autoilu-ja-liikkuminen\/autotalli-com\/"]}]},{"@type":"ImageObject","inLanguage":"fi","@id":"https:\/\/www.almamedia.fi\/mainostajat\/autoilu-ja-liikkuminen\/autotalli-com\/#primaryimage","url":"https:\/\/www.almamedia.fi\/mainostajat\/wp-content\/uploads\/sites\/6\/autotalli-com_header.tmb-width-1500.png","contentUrl":"https:\/\/www.almamedia.fi\/mainostajat\/wp-content\/uploads\/sites\/6\/autotalli-com_header.tmb-width-1500.png","width":1500,"height":400,"caption":"autotalli.com"},{"@type":"BreadcrumbList","@id":"https:\/\/www.almamedia.fi\/mainostajat\/autoilu-ja-liikkuminen\/autotalli-com\/#breadcrumb","itemListElement":[{"@type":"ListItem","position":1,"name":"Etusivu","item":"https:\/\/www.almamedia.fi\/mainostajat\/"},{"@type":"ListItem","position":2,"name":"Autoilu ja liikkuminen","item":"https:\/\/www.almamedia.fi\/mainostajat\/autoilu-ja-liikkuminen\/"},{"@type":"ListItem","position":3,"name":"Autotalli.com"}]},{"@type":"WebSite","@id":"https:\/\/www.almamedia.fi\/mainostajat\/#website","url":"https:\/\/www.almamedia.fi\/mainostajat\/","name":"Alma Media - mainostajat","description":"","publisher":{"@id":"https:\/\/www.almamedia.fi\/mainostajat\/#organization"},"potentialAction":[{"@type":"SearchAction","target":{"@type":"EntryPoint","urlTemplate":"https:\/\/www.almamedia.fi\/mainostajat\/?s={search_term_string}"},"query-input":{"@type":"PropertyValueSpecification","valueRequired":true,"valueName":"search_term_string"}}],"inLanguage":"fi"},{"@type":"Organization","@id":"https:\/\/www.almamedia.fi\/mainostajat\/#organization","name":"Alma Media - mainostajat","url":"https:\/\/www.almamedia.fi\/mainostajat\/","logo":{"@type":"ImageObject","inLanguage":"fi","@id":"https:\/\/www.almamedia.fi\/mainostajat\/#\/schema\/logo\/image\/","url":"https:\/\/www.almamedia.fi\/mainostajat\/wp-content\/uploads\/sites\/6\/alma-media-logo-valkoinen.svg","contentUrl":"https:\/\/www.almamedia.fi\/mainostajat\/wp-content\/uploads\/sites\/6\/alma-media-logo-valkoinen.svg","width":49,"height":50,"caption":"Alma Media - mainostajat"},"image":{"@id":"https:\/\/www.almamedia.fi\/mainostajat\/#\/schema\/logo\/image\/"}}]}},"lang":"fi","translations":{"fi":86065,"en":90438},"pll_sync_post":[],"_links":{"self":[{"href":"https:\/\/www.almamedia.fi\/mainostajat\/wp-json\/wp\/v2\/pages\/86065","targetHints":{"allow":["GET"]}}],"collection":[{"href":"https:\/\/www.almamedia.fi\/mainostajat\/wp-json\/wp\/v2\/pages"}],"about":[{"href":"https:\/\/www.almamedia.fi\/mainostajat\/wp-json\/wp\/v2\/types\/page"}],"author":[{"embeddable":true,"href":"https:\/\/www.almamedia.fi\/mainostajat\/wp-json\/wp\/v2\/users\/105"}],"replies":[{"embeddable":true,"href":"https:\/\/www.almamedia.fi\/mainostajat\/wp-json\/wp\/v2\/comments?post=86065"}],"version-history":[{"count":0,"href":"https:\/\/www.almamedia.fi\/mainostajat\/wp-json\/wp\/v2\/pages\/86065\/revisions"}],"up":[{"embeddable":true,"href":"https:\/\/www.almamedia.fi\/mainostajat\/wp-json\/wp\/v2\/pages\/82786"}],"wp:featuredmedia":[{"embeddable":true,"href":"https:\/\/www.almamedia.fi\/mainostajat\/wp-json\/wp\/v2\/media\/86859"}],"wp:attachment":[{"href":"https:\/\/www.almamedia.fi\/mainostajat\/wp-json\/wp\/v2\/media?parent=86065"}],"curies":[{"name":"wp","href":"https:\/\/api.w.org\/{rel}","templated":true}]}}